
Suppose r - 2*r = -1, -11 = -3*u + r. Suppose u*a = 67 + 53. What is the remainder when a is divided by 11?
8
Let o(v) = -v**2 + v + 14. Let c be o(4). Suppose c*w + 2*u + 10 = 30, 2*w + 3*u - 21 = 0. What is the remainder when 204 is divided by w?
6
Let l be (-18)/(-4) - (-3)/2. Suppose -2*p + 16 = -l. What is the remainder when p is divided by 1 + 3 + 0 + 3?
4
Calculate the remainder when 9/27 + (1 - (-304)/6) is divided by 23.
6
Suppose 151 + 254 = 81*z. Let n = 18 - 4. What is the remainder when n is divided by z?
4
Let p = 1839 - 1693. Suppose -w - 74 = -3*w. Calculate the remainder when p is divided by w.
35
Let o = -104 - -151. Let r = o + -4. What is the remainder when r is divided by 17?
9
Suppose -c = 4*n - 295, 5*c - 2*n - 1350 = 3*n. Let i = c + -30. Calculate the remainder when i is divided by 31.
28
Calculate the remainder when 33/(-15)*35/(10 - 11) is divided by 32.
13
Let z(m) = -m**3 - 32*m**2 + 143*m - 3. What is the remainder when 96 is divided by z(-36)?
30
Let b(v) = 3*v**3 - 3*v**2 + 2*v - 3. Suppose 4*z - 123 = -5*j + 30, 72 = 2*z - 2*j. What is the remainder when z is divided by b(2)?
11
Suppose 2*q - 2*s = 16, -2*q - q + s + 18 = 0. Suppose 0 = q*r - 10*r + 45. Calculate the remainder when 43 is divided by r.
7
Let f = -2 + -23. Let x = 12 - f. What is the remainder when x is divided by 2/(-6) + (-122)/(-6)?
17
Let u(f) = f**3 + 7*f**2 - 10*f + 2. Let j be u(-7). Let z = j - 47. Suppose 20 = -5*d, -4*d - d - 59 = -3*y. Calculate the remainder when z is divided by y.
12
Let k = 65 + -38. Let w(l) = l**3 + 6*l**2 + 2*l - 1. Calculate the remainder when k is divided by w(-5).
13
Let n = 588 + -594. Let a = 11 - -4. Let v = a + n. What is the remainder when 34 is divided by v?
7
What is the remainder when 47 is divided by ((-17)/((-833)/(-42)))/(6/(-63))?
2
Let c(i) = 15*i - 30. Let h = -54 + 61. Calculate the remainder when c(h) is divided by 19.
18
Let d = 2026 - 2019. What is the remainder when 71 is divided by d?
1
Suppose 3*v - 74 = 16. Let d be (-376)/(-120) + (-4)/v. Suppose -q - 3*k = -11, -4*q = q + d*k - 115. What is the remainder when q is divided by 14?
12
Let f = 32 + -32. Suppose -3*a - 3*c + 48 = f, a = 6*a - 4*c - 35. What is the remainder when 28 is divided by a?
6
Suppose 4*i = -4*j + 12, -19 = -5*j - 4. Suppose -2*a + 13 = 5*m - i*a, 3*m - a = 10. What is the remainder when 4 is divided by m?
1
Suppose -40 = -5*i + 3*i. Calculate the remainder when 2/(-20)*-2 - (-216)/i is divided by 3.
2
Suppose -n + 0*n = -4. Let r be (n - 2)/(3/18). What is the remainder when 11 is divided by ((-3)/r)/((-1)/20)?
1
Suppose -2*x = -3*s - 133, 5*x - x = 8*s + 272. Calculate the remainder when 243 is divided by x.
57
Let k(t) = -2*t + 3. Suppose -115 = -4*i - n, 2*i + 3*n + 46 - 101 = 0. What is the remainder when i is divided by k(-6)?
14
Suppose -7*d - 742 + 1449 = 0. What is the remainder when d is divided by 54?
47
Suppose 3*j + 3 = 0, -5*o = -2*o + 4*j - 32. Calculate the remainder when 150 is divided by o.
6
Suppose m = -3*x + 10, -m - 2*m = -5*x + 40. What is the remainder when 33 is divided by (2 + m)/((-1)/2)?
3
Let v = 15 + 9. Let s = 39 - v. Calculate the remainder when s is divided by 3.
0
Let h(s) = -2*s**2 - 26*s - 11. Calculate the remainder when 239 is divided by h(-10).
43
Let y be -1 + 0/(-2) - 2. Calculate the remainder when 43 is divided by y/((-27)/33)*3.
10
Let q = 262 - 32. Suppose -n - n - 175 = -3*g, n + q = 4*g. What is the remainder when g is divided by 15?
12
Let y = -2 + 10. Let z(s) = s**3 - 6*s**2 + 4*s + 9. Let l be z(5). Suppose 85 - 1 = l*p. What is the remainder when p is divided by y?
5
Suppose -7*s - 60 = -11*s. Suppose s = w - 12. Calculate the remainder when 106 is divided by w.
25
Suppose -3 = -u + 10. Let b(p) = p**3 - 14*p**2 + 13*p + 11. What is the remainder when b(u) is divided by 6?
5
Let p = -154 + 237. Let v = 41 + -24. Calculate the remainder when p is divided by v.
15
Let j(c) = 15*c**2 + 2*c - 1. Suppose 18*l = 3*q + 13*l + 9, -4*q + 5*l - 7 = 0. Suppose -q*o + 13 - 1 = 0. Calculate the remainder when j(1) is divided by o.
4
Let l be (-3)/(-5) + (-252)/20. Let o(y) = -3*y - 5. What is the remainder when o(l) is divided by 18?
13
Let x = -59 + 107. Let l = x + -28. Calculate the remainder when 94 is divided by -12*(3 + l/(-4)).
22
Suppose 6*t - 85 + 73 = 0. Suppose z = 2 + 1. What is the remainder when z is divided by t?
1
Suppose -2*p = -5*p - 4*k - 25, -54 = 4*p - 5*k. What is the remainder when ((-33)/p)/(-1 + 20/19) is divided by 6?
3
Let j = 435 + -353. What is the remainder when 241 is divided by j?
77
Let c = -2 + 2. Suppose -2*n + 33 + 35 = c. Suppose -2*b = -5*w - 266, 5*b - 118 = -w + 547. Calculate the remainder when b is divided by n.
31
Suppose -2*q = 5*x - 241, -136 = -4*x + 2*q + 64. Calculate the remainder when 97 is divided by x.
48
Suppose 3*x + 2 = 4*x - 2*m, 0 = x - 3*m - 3. Suppose t + x*t - 7 = 0. Suppose 4*g = -2*v - 0*v + 50, 3 = -3*g. What is the remainder when v is divided by t?
6
What is the remainder when 19/19 - (0 - 297) is divided by 75?
73
Let s(j) = -j**2 + 10*j - 8. Let d be s(8). Let a(n) = -n + 23. Calculate the remainder when 56 is divided by a(d).
11
Calculate the remainder when 111 is divided by 5/(0 + -5)*3 + 48.
21
Let h(j) be the second derivative of -13*j**2 - 2/3*j**3 + 0 + 1/12*j**4 + 4*j. What is the remainder when h(11) is divided by 13?
12
Suppose -3*j = -0*j - 87. Suppose 0 = 4*x + 4*g - 216, x - 37 - j = 2*g. What is the remainder when x is divided by -2*4/(-56) + 208/14?
13
Calculate the remainder when 61 is divided by 584/14 + (-88)/(-308).
19
Suppose -143 = -t + 3*l, -7*t + 4*l + 682 = -2*t. Calculate the remainder when t is divided by 27.
26
Suppose 0 = 2*t + 49 - 23. Let c = 36 + t. What is the remainder when 112 is divided by c?
20
Let a be (6/5)/(6/20). Suppose 0 = -a*h + 218 + 38. Let p(x) = -18*x - 5. What is the remainder when h is divided by p(-1)?
12
Suppose -4*c + 2*q - 16 = -q, -4*c - 4*q = 44. Let p = c + 25. Suppose -3*k = -p - 3. What is the remainder when 18 is divided by k?
4
Let z(a) = -a**3 + 32*a**2 + 3*a - 84. What is the remainder when 128 is divided by z(32)?
8
Let l be 1/(-1)*(1 - 8). Suppose 5*x = 13 + l. Suppose -20 = -4*g, x*g = -2*c + 7 + 31. What is the remainder when 34 is divided by c?
7
Let j(v) = -1. Let p(z) = -18*z**2 + 2*z + 7. Let t(l) = -6*j(l) - p(l). Calculate the remainder when t(-1) is divided by 170/40 - 1/4.
3
Let m = -73 + 95. Let d(i) = 3*i - 40. What is the remainder when d(m) is divided by 4?
2
Let g be ((-1)/(-2))/((-6)/(-708)). Suppose 0 = -4*j - 65 - g. Let r = -9 - j. What is the remainder when 87 is divided by r?
21
Suppose -4*v - 6 = 6, -4*l = -v - 159. Suppose -2*k - 6 = -u, 68*u - 8 = 69*u - 4*k. What is the remainder when l is divided by u?
19
Suppose -5*f + 427 + 248 = 0. Suppose 8*w - f = 137. What is the remainder when w is divided by 6?
4
Suppose 2*t = t. Suppose 2*h + 2*i - 30 = t, 16 + 15 = h + 5*i. Let r = 122 - 81. Calculate the remainder when r is divided by h.
8
Let r(s) = 5*s - 48*s**2 + 106*s**2 - 56*s**2 - 8. What is the remainder when r(6) is divided by 24?
22
What is the remainder when 95 is divided by (33 - 41) + (0 - -56)?
47
Let u(q) = -q**2 + 8*q + 12. Let l(z) = -z**2 - 9*z - 1. Let p be l(-8). Calculate the remainder when 72 is divided by u(p).
15
Let r = -101 - -151. Suppose -x - 4*x = -r. Suppose 2*h = x, 2*a + 5*h - 62 = 51. Calculate the remainder when a is divided by 15.
14
Let t be -372 - (0 + (0 - 0)). Let k be t/(-16) - (-6)/8. Suppose -2*p + k = -158. What is the remainder when p is divided by 23?
22
Suppose -472*b + 477*b = 130. Let s(d) = d**3 + 4*d**2 - 4*d + 3. Let t be s(-5). Calculate the remainder when 50 - (t - -1*3) is divided by b.
23
Suppose 3*d = v - 3*v + 92, 4*d = -3*v + 137. Suppose -q + 3*a + 2 = 0, 0*a - 10 = 5*a. What is the remainder when v is divided by ((-30)/(-8))/((-1)/q)?
13
Calculate the remainder when 411 is divided by -1 + (9 - (-11 - -6) - 4).
6
Suppose -18 = -y - 4*h, 3*h - 10 = -y + h. What is the remainder when (y/(-4))/((-8)/592) is divided by 13?
11
Suppose -34 - 337 = -7*y. Calculate the remainder when 68 is divided by y.
15
Let u(i) = 2*i**2 - 10*i - 36. Calculate the remainder when 570 is divide